highest common divisor of 65 and b.
13
Suppose 0 = -5*c - 3*x + 142, c + 3*c - 115 = -x. Calculate the highest common divisor of c and 87.
29
Let d(h) = -16*h + 13. Let k be d(-7). Suppose -8*y = -k + 45. What is the highest common factor of y and 170?
10
Let i be 217/3 - (-2)/3. Let n = i + -29. Suppose 6*a + 22 = 8*a. Calculate the highest common divisor of n and a.
11
Suppose 29*d - 24*d - 50 = 0. Let c = 23 - d. What is the highest common factor of c and 26?
13
Suppose -a + 5*a + 3*d = 48, -5*a + 2*d + 60 = 0. Calculate the greatest common factor of 972 and a.
12
Let r(o) = o**2 + 4*o - 7. Let u be r(-6). Let k be 10/(-6)*(-15)/3*3. Calculate the greatest common factor of k and u.
5
Suppose u + 226 = 5*i, 0 = -3*i + 6*i - 5*u - 118. What is the greatest common divisor of 138 and i?
46
Let u = 11 + -7. Let q be 59/u - 1/(-4). Let f be (2/(-4) + 0)/(36/(-432)). Calculate the greatest common factor of f and q.
3
Let g = 2667 + -392. What is the highest common divisor of g and 91?
91
Suppose 7*z + 6*z = 52. Suppose -z*h - 1 = 2*o - 3, 43 = 4*o - 5*h. What is the greatest common factor of 1 and o?
1
Let p be (-4)/6*(-20 - 4). Suppose 4*t - y = 443, -4*t + 127 + 336 = 3*y. Calculate the greatest common divisor of p and t.
16
Let v = 299 + -295. What is the highest common divisor of v and 76?
4
Suppose -7*w + 5*w + 30 = 0. Suppose -w*p + 540 = -11*p + 3*n, p - 134 = -n. What is the greatest common divisor of 92 and p?
46
Let f = -321 - -343. Calculate the greatest common divisor of f and 187.
11
Suppose -c + d = -3*d - 50, 0 = -5*d + 25. Let j be ((-24)/20)/((-2)/c). Calculate the greatest common factor of 14 and j.
14
Suppose 27*h - 8 = 31*h. Let i be (-420)/(-45) - h/(-6). What is the greatest common factor of i and 153?
9
Suppose 935 + 169 = 4*o. Suppose 0 = -4*j + o + 692. Calculate the greatest common factor of 22 and j.
22
Let x be 1577/7 - (-4)/(-14). Let i = 28579 + -28534. Calculate the greatest common factor of x and i.
45
Let v be (-10 - -8)*((-430)/4 - 1). Suppose -9*d + v = -638. What is the greatest common factor of 19 and d?
19
Let c = -126 - -136. Calculate the highest common divisor of c and 20.
10
Let g be ((1 - -2) + -4)*-2. Suppose -n + g*n = 12. Calculate the highest common factor of n and 48.
12
Let j = 64 + -18. Suppose 3*n - 7*q = -3*q + j, 90 = 5*n - 4*q. Let v = n + -14. Calculate the greatest common factor of 72 and v.
8
Let c = 1251 + -1211. Let a be (-1 - 0)*22 - 2. Let x = a + 34. What is the highest common divisor of x and c?
10
Let b(i) = -i**3 + 10*i**2 - 11*i + 2. Let k be b(8). Let o = k + -12. Suppose 0 = g + g - o. What is the highest common divisor of 135 and g?
15
Suppose 0 = -7*m + 3*m. Suppose m*b + b + 26 = 4*s, 36 = 5*s - 3*b. Let g be ((-6)/(-15) - 0)/((-2)/(-60)). Calculate the greatest common divisor of g and s.
6
Suppose 6 + 14 = 4*i. Suppose -i*n = -4*n - 6. Let k = 47 + -38. Calculate the greatest common factor of k and n.
3
Suppose 0*m - 5*m + 4*o = -1, 2*o = 2. What is the highest common factor of 8 and m?
1
Suppose 638*t = 667*t - 32 + 3. Suppose -7*v = -4*v - 6. What is the highest common divisor of t and v?
1
Suppose -13*s + 5*s = -32. Suppose -5*n - s*n = -180. What is the highest common divisor of n and 5?
5
Let m(g) = -g**3 - 6*g**2 - 5*g + 18. Let x be m(-5). What is the greatest common factor of x and 12?
6
Suppose -2*k + 6*k - 14 = 2*t, -2*t - k = -11. Suppose t*z + 10 - 25 = 0. Calculate the highest common factor of z and 2.
1
Let f be 2/(-2) + (-10)/(-1). Suppose 0 = 77*q - 3040 - 425. Calculate the greatest common factor of f and q.
9
Let o be (0 + 27/5)*5. Let u(x) = -x**2 - 7*x + 53. Let d be u(-11). What is the greatest common factor of d and o?
9
Let m(r) = 25*r - 60. Let y be m(6). Calculate the greatest common factor of 20 and y.
10
Suppose n = 9, -1526*n + 1527*n = 5*r - 131. Let m = -297 - -176. Let l = -37 - m. Calculate the highest common factor of l and r.
28
Let h = -143 - -101. Suppose 34*r - 35*r = 26. Let x = r - h. Calculate the highest common divisor of x and 16.
16
Let x = 308 - 232. Calculate the highest common divisor of 4 and x.
4
Suppose 4*y + x = 7773, -12 = 4*x - 0*x. Suppose 6*c + 3*c = y. Calculate the highest common divisor of c and 24.
24
Suppose 3*n - 13 = 2, -3*h + 4*n = -109. Calculate the highest common factor of h and 43.
43
Suppose 0 = r - 4*b + 8, r = -0*b + 2*b - 2. Let s be (18/21)/(r/140). Calculate the greatest common factor of s and 30.
30
Suppose 43 = 5*j + z, z + 0*z = 4*j - 29. Calculate the greatest common factor of j and 14.
2
Let i be ((-25)/150)/(-1*1/30). Let h be (4/(-6))/((-4)/330). Calculate the highest common factor of h and i.
5
Let z = 110 + -101. Calculate the greatest common divisor of 153 and z.
9
Let k = 129 + -100. Calculate the greatest common divisor of k and 145.
29
Suppose 0 = 4*h - 2*g, -4*g + 8 = 2*h - 3*g. Suppose h*j - 8*k = -3*k + 41, -5*j + 3*k + 74 = 0. Calculate the greatest common factor of 65 and j.
13
Let n(x) = x**2 - x + 11. Let q be n(-5). Calculate the highest common factor of 328 and q.
41
Let u(z) = z**3 + 14*z**2 - 2*z + 9. Let n be u(-14). What is the greatest common divisor of n and 407?
37
Let h(j) = 12*j + 30. Let y be h(0). Calculate the greatest common factor of y and 170.
10
Let p(t) = t**3 + 50*t**2 - 58*t - 247. Let m be p(-51). Calculate the greatest common factor of 176 and m.
22
Suppose -2*r = t - 35, 6*r - 3*r = 4*t + 80. What is the greatest common factor of r and 320?
20
Let u(t) = 6*t**2 + 1. Suppose -2*j + 5 = 3*j. Let s be u(j). Let n = -55 + 111. Calculate the greatest common factor of s and n.
7
Suppose -z = 3*z + 3*y + 15, -3*z - 2*y = 10. Suppose -5*h = -z*h - 5*l - 40, 0 = h + 5*l - 14. What is the greatest common divisor of h and 1?
1
Let d = -128 + 140. Suppose v - 4*c - 6 = -22, -c + 4 = 4*v. Suppose -4*b = -v - d. What is the greatest common factor of 21 and b?
3
Let t = 25 + -13. Suppose 12*c = 16*c - 268. Let s = -43 + c. Calculate the highest common divisor of s and t.
12
Let n(j) = -11*j - 180. Let f be n(-18). Calculate the highest common divisor of 117 and f.
9
Let u(n) = n**3 + 5*n**2 - 7*n - 1. Let o be u(-5). Suppose 0 = -2*q - 0*q. Let s be 16 - (-3 + q - -2). Calculate the highest common divisor of o and s.
17
Let a(g) = -g**3 + 20*g**2 - 61*g + 6. Let w be a(13). Let y(u) = -u**2 + u + 36. Let k be y(0). Calculate the highest common divisor of k and w.
36
Let b be ((-24)/(-16))/(3/8). Let x(g) = g**3 - 5*g**2 + 4*g - 1. Let t be x(b). Let k be -3 - t - (-38 - -7). What is the greatest common factor of 232 and k?
29
Let l be 2440/61*(-5)/8*-2. Calculate the highest common factor of 350 and l.
50
Let w = 54 - 51. Suppose 0*l = l - w. Calculate the highest common divisor of l and 3.
3
Let x(i) = i**2 + 8*i + 4. Let p be x(-7). Let z be p/(-3*3/15). Calculate the highest common factor of 2 and z.
1
Let d = 844 + -503. What is the highest common factor of 93 and d?
31
Suppose 2*p = 15*p - 2665. Suppose -5*x + p = q, -4*q + 101 = 5*x - 89. Calculate the greatest common factor of 14 and x.
14
Suppose 0 = -4*c + 3*o + 463, c + 12 = 4*o + 144. Let i = 2 + 12. What is the greatest common divisor of c and i?
14
Suppose 3129*r - 3118*r = 88. What is the greatest common divisor of r and 1688?
8
Suppose 0 = -4*v + 5*h + 504, v = 2*v - 4*h - 126. What is the greatest common factor of v and 9?
9
Suppose 13*o - 270 - 185 = 0. What is the highest common divisor of 14 and o?
7
Let j(y) = 8*y**2 + 13*y + 15. Let h be j(-6). Calculate the greatest common factor of h and 15.
15
Suppose 93 = 4*l - h, 8*l + 3*h = 4*l + 105. Calculate the greatest common divisor of 120 and l.
24
Let h = -2 - -3. Let d be (-18)/(-3) + 1*-1. Suppose 3*c - 8 - 3 = 4*v, -d*v + 10 = c. What is the greatest common divisor of h and v?
1
Suppose -5*g + 13*g = 16. Suppose g*n = -5*k + 318, 3*k - n = 150 + 43. Calculate the highest common divisor of k and 8.
8
Let d(a) = 2*a**2 + 37*a - 44. Let t be d(-20). What is the highest common divisor of t and 160?
16
Let l(m) = 3*m**2 + 8*m + 6. Let x be l(-6). What is the highest common divisor of x and 33?
33
Let u(r) = 137*r + 129. Let z be u(2). Calculate the highest common divisor of z and 13.
13
Let c be (5 - (2 - 0)) + -2. Let d be (13 + -14)*(-93 - c). Let f = -4 